p - 9. Suppose -q - 4*g + 0*g = -77, 0 = p*q + 3*g - 186. What is the units digit of q?
7
Let s be (6 + -10)/((-16)/2676). Suppose -17217 = -14*u - s. What is the thousands digit of u?
1
Let b be (14/4)/((-9)/18). Let a be (b - (-4 + 1)) + -200. What is the tens digit of a/(-10) - (-4)/(-10)?
2
Suppose j = -c - 4*j + 15, -5*c + 5*j + 15 = 0. Suppose -b - c*q + 2*q - 16 = 0, -5*b = -5*q. What is the units digit of 9/(b/112*-2)?
6
Let j(x) = 12 + x**2 + 3 + 16*x + 0*x**2. Let v be j(-15). Suppose -5*u + 4*s = -u - 8, v = u + 3*s - 18. What is the units digit of u?
6
Let n(o) = -39*o - 23. Let p be n(-9). Let s = p + -231. What is the units digit of s?
7
Let f(r) = 174*r**2 - 2*r + 2. Suppose 6*t + t = 2*t. Suppose t = 5*p - 2*l - 3, -2*l = -3*p - 3*l + 4. What is the units digit of f(p)?
4
Suppose -73*n - 227310 = -164*n + 81*n. What is the units digit of n?
1
Let s(z) be the third derivative of -19*z**4/4 - 19*z**3/2 + 7*z**2 + 8. What is the units digit of s(-8)?
5
Let j be (-190)/7 + 11/77. Let f be j*25/(-20)*4. Suppose x - p = f, 132 = x + p + p. What is the units digit of x?
4
Let g be 43*(2/2 - 2). Let h = -39 - g. Suppose 160 = 2*f - 2*m, 160 = 2*f - m + h*m. What is the units digit of f?
0
What is the thousands digit of (195/91)/((-1)/(-829)) - (-138)/(-322)?
1
Let d = 2007 - -18750. What is the units digit of d?
7
Let h(i) = 233*i - 1147. What is the hundreds digit of h(25)?
6
Let y = -181 + 186. Suppose 5*p + 1112 = -y*w + 3207, -1261 = -3*p - w. What is the units digit of p?
1
Let r = 520 + -189. Let m = r - 53. What is the tens digit of m?
7
Suppose 2*a - 2*s - 1368 - 7748 = 0, -13672 = -3*a + s. What is the hundreds digit of a?
5
Suppose -c + 0*c - 25477 = -z, -2*z = -c - 50951. What is the tens digit of z?
7
Suppose -4*r - 6090 = -2*r - 7*r. What is the hundreds digit of r?
2
Let k = 15 - -10. Let w be (-2216)/(-56) - 4/7. Let i = w + k. What is the tens digit of i?
6
What is the thousands digit of (2516 + -6)*(0 - (-7)/14)?
1
Let u be 0/(-1)*(-4)/8. Suppose u*c - 10 = -5*c. Suppose -c*b - 607 = -5*n, b = -4*b - 5. What is the units digit of n?
1
Suppose -20*f - 20*f + 271380 = 20*f. What is the tens digit of f?
2
Suppose 5*v + 42 = 17, 0 = 2*r + 4*v + 270. Let n = 339 + r. Suppose 2*u - k - n = 0, k - 211 = -3*u + 100. What is the units digit of u?
5
Suppose -5*y - 440 = -3*g, y - 5*g + 22 = -88. Let o = y + 209. What is the hundreds digit of o?
1
Let h(a) = a**2 - 14*a + 45. Let b be h(4). Let f(l) = 44*l**2 + 3*l - 8. What is the hundreds digit of f(b)?
1
Suppose -4*f = -927*l + 924*l + 84576, 3*f + 18 = 0. What is the units digit of l?
4
Let g be ((-26)/(-6) + -4)*3. Let p be g*-1 - (-8 - -5). What is the tens digit of 3/(-3)*-3 - (-96 + p)?
9
Let b = -430 + 434. Suppose -1188 = -b*r + 4*d, -d + 2*d + 1191 = 4*r. What is the units digit of r?
8
Suppose o = 4*g - 18, 10 = 2*g + 2. What is the hundreds digit of o + -1*(-380 - -7)?
3
Let p(h) = -179*h + 16. Let u(o) = -119*o + 11. Let v(c) = -5*p(c) + 7*u(c). What is the hundreds digit of v(6)?
3
Let x be 654 + (4/1 - (-9 - -14)). Let v = x - 385. What is the tens digit of v?
6
Let l(a) = -2*a + 0*a**2 - 7*a + 123 + 2*a**2. What is the units digit of l(14)?
9
Suppose -7*u - 63 - 224 = 0. Let b = u + 158. Suppose d = -4*s + 3*d + 396, -4*d + b = s. What is the hundreds digit of s?
1
Let w(t) = -4*t**3 + 10*t**2 + 43*t + 62. What is the hundreds digit of w(-9)?
4
Suppose 0 = -4*i - 5*y + 45, 0*i + 2*y = -5*i + 35. Suppose -b - 315 = i*m, -3*m - 5*b - 174 = 37. Let q = m + 162. What is the units digit of q?
0
Suppose 2*h - 27126 = -18*o + 14*o, -5*h - 16*o + 67833 = 0. What is the units digit of h?
7
Let a(q) = 2*q**3 + 5*q**2 - 2*q + 815. Let d be a(0). Suppose s - d = -4*s. What is the units digit of s?
3
Let z(v) = 7*v**2 + 40*v - 30. What is the hundreds digit of z(-18)?
5
Suppose -5*c - 1040 = -5*j, 3*c = -5*j - 489 - 167. What is the thousands digit of 8/(-2)*54007/c?
1
Let t = -3764 - -12396. What is the tens digit of t?
3
Let s be -264*((-2)/4 - 0/6). Let c = 792 - s. What is the units digit of c/25 + (-4)/10?
6
Let o = 210 - 180. What is the tens digit of (5/o*-3)/((-1)/36)?
1
Suppose -41*b + 308154 - 982330 = -57*b. What is the thousands digit of b?
2
Let b be ((-25)/10)/(6/24). Let n be b/(-25) + (-98)/(-5) + -2. What is the units digit of (-24)/n*162/(-4)?
4
Suppose 0 = -27*h + 21*h + 600. Let b = h + -27. What is the units digit of b?
3
Let u be (-13990)/(-13) + 1*4/(-26). Suppose -4*n + u + 412 = 0. What is the tens digit of n?
7
Let n be 0 - 15/10 - 11/(-2). Let a(y) = -3*y. Let z be a(-1). Suppose -490 = -5*l - n*j, -z*l + 4*j = 2*j - 272. What is the tens digit of l?
9
Let n(j) = j**3 + 2*j**2 + 27*j + 6851. What is the units digit of n(0)?
1
Let c = -53882 + 91732. Suppose -c = 13*q - 38*q. What is the units digit of q?
4
Let k(o) = o**3 - 19*o**2 + 3*o + 29. Let s = -64 + 84. What is the tens digit of k(s)?
8
Let m be (-36 + 45)*(-452)/(-3). Suppose m = 11*z - 272. What is the units digit of z?
8
Let q(p) = -p**3 - 21*p**2 - 12*p + 159. Let h be q(-20). What is the tens digit of 30 + h*10/15*-6?
3
Suppose 2347*g - 2340*g = 52766. What is the units digit of g?
8
What is the hundreds digit of (8 - 399/49) + 3538150/49?
2
Let h(c) = 3*c**2 + 27*c - 4. What is the units digit of h(-16)?
2
Let y(a) = -269*a + 11557. What is the thousands digit of y(35)?
2
Suppose 125*a + 1840 = 121*a. Let i be (86/(-5))/((-2)/(-30)). Let f = i - a. What is the hundreds digit of f?
2
Suppose 3*y + 4*y = -0*y. Suppose 5*i - 10 = y, q - 80 = -q - 5*i. What is the tens digit of q?
3
Let n(i) = -i**2 + 8. Let f be n(-2). Suppose f*k + 847 - 3843 = 0. What is the hundreds digit of k?
7
Suppose 7*t + 108 = -11*t. What is the units digit of -2*4/t*63/28?
3
Let t(h) = -5*h + 7*h - 2*h + 106 - 2*h**2 + 36. What is the units digit of t(0)?
2
Suppose 9*s = -430 - 1154. Let f = s - -52. Let u = 43 - f. What is the units digit of u?
7
Suppose -511493 = -75*i + 12*i + 804199. What is the hundreds digit of i?
8
Let r(t) = 19*t - 43. Let b be r(7). Let y = b + -87. Suppose 6*l = y*l + 30. What is the units digit of l?
0
Let q(y) = y**2 + 1. Let f(c) = -3*c**2 + 28*c - 19. Let m(o) = f(o) + 2*q(o). What is the units digit of m(20)?
3
Let b = 13358 + -4575. What is the units digit of b?
3
Let q = -275 - -47. What is the tens digit of ((-46)/5)/((q/1680)/19)?
8
Suppose 34*m = 117958 + 127454. What is the thousands digit of m?
7
Let s(a) = -a + 6. Let l be s(-10). Suppose -11*k = -l*k + 955. What is the units digit of k?
1
Let x = 28665 - 14333. What is the thousands digit of x?
4
Suppose -m - 2*s + 10 + 30 = 0, 0 = s - 1. Suppose 2*d - 34960 = -m*d. What is the tens digit of d?
7
Suppose 2408*q = 2396*q + 24480. What is the units digit of q?
0
Suppose -a + 2*l + 1116 = -l, -2*l = -3*a + 3341. What is the hundreds digit of (-6 + a*-1)/(-3)?
3
Let w(q) = -q + 8. Let s be w(7). Suppose 0 = -m + d - s, 0*d + 5*d = -5*m + 25. Suppose 2*t + m*x - 78 = -0*t, 4*x = 5*t - 231. What is the tens digit of t?
4
What is the hundreds digit of (16/(-72)*-114)/(20/5430)?
8
Suppose -12*j = -13*j + 801. Suppose 0 = 10*g - j - 1799. What is the hundreds digit of g?
2
Let z be 8/(-4)*-77 + -6. Suppose 34*r - 32*r = z. What is the units digit of r?
4
What is the tens digit of (-29265)/((-39)/273*(-21)/(-3))?
6
Suppose -3*b + 4*v - 5 = 0, 0 = 5*b - 0*b - 5*v + 5. Let z = 27 - b. Suppose -z*d = -27*d + 96. What is the units digit of d?
6
Suppose -11*o = 38*o - 31113 - 297579. What is the thousands digit of o?
6
Let x(c) = -61*c**3 - 24*c**2 - 141*c - 123. What is the thousands digit of x(-6)?
3
Suppose 0 = -3*a - 3, 47*a + 31166 = 5*v + 51*a. What is the tens digit of v?
3
Suppose 94*d - 98*d + 16 = 0. Suppose d*v - 4*t - 2512 = 0, 3*v + t = 6*v - 1878. What is the hundreds digit of v?
6
Let l(z) = -9*z + 3. Let k be l(10). Let m = 128 + k. What is the tens digit of (-9)/(-4 + m/(-104)*-10)?
5
Suppose 5*n = -0*n + 2*r + 2614, 3*n - 1560 = 4*r. Let i = n + -226. What is the hundreds digit of i?
2
Suppose -69794 + 525377 = 3084*z - 3067*z. What is the tens digit of z?
9
Let r(d) = -93*d + 27. Let q be r(-14). Let n = q + -859. What is the units digit of n?
0
Suppose -d + 0*d - 36046 = -5*k, 2*d = 8. What is the tens digit of 